
What is the hundreds digit of 73725?
7
What is the thousands digit of 203278?
3
What is the tens digit of 16598?
9
What is the ten thousands digit of 872130?
7
What is the ten thousands digit of 24337?
2
What is the hundred thousands digit of 2420632?
4
What is the millions digit of 12002818?
2
What is the hundred thousands digit of 133980?
1
What is the millions digit of 26467141?
6
What is the hundreds digit of 907696?
6
What is the units digit of 3641283?
3
What is the ten thousands digit of 165830?
6
What is the hundreds digit of 622796?
7
What is the hundreds digit of 681285?
2
What is the hundreds digit of 350737?
7
What is the units digit of 1718843?
3
What is the thousands digit of 4194?
4
What is the ten thousands digit of 21715371?
1
What is the hundreds digit of 4267852?
8
What is the tens digit of 211018?
1
What is the hundred thousands digit of 3180465?
1
What is the units digit of 3265808?
8
What is the hundred thousands digit of 173465?
1
What is the hundreds digit of 3822279?
2
What is the hundred thousands digit of 231065?
2
What is the units digit of 3478142?
2
What is the units digit of 22627340?
0
What is the hundreds digit of 3747936?
9
What is the tens digit of 448143?
4
What is the thousands digit of 6404952?
4
What is the hundreds digit of 4829055?
0
What is the tens digit of 162090?
9
What is the thousands digit of 724749?
4
What is the tens digit of 1293031?
3
What is the hundred thousands digit of 197760?
1
What is the ten thousands digit of 7877912?
7
What is the units digit of 12514261?
1
What is the units digit of 325198?
8
What is the hundred thousands digit of 2321750?
3
What is the thousands digit of 11533708?
3
What is the hundreds digit of 375715?
7
What is the ten thousands digit of 1904036?
0
What is the hundreds digit of 9519?
5
What is the millions digit of 6898644?
6
What is the thousands digit of 1480038?
0
What is the units digit of 11698?
8
What is the hundreds digit of 1790005?
0
What is the hundreds digit of 2175794?
7
What is the thousands digit of 295453?
5
What is the thousands digit of 434051?
4
What is the millions digit of 1759561?
1
What is the ten thousands digit of 116768?
1
What is the units digit of 1273340?
0
What is the ten thousands digit of 5227767?
2
What is the tens digit of 3273698?
9
What is the tens digit of 6271631?
3
What is the ten millions digit of 35731737?
3
What is the tens digit of 349174?
7
What is the tens digit of 1196581?
8
What is the tens digit of 126708?
0
What is the hundreds digit of 2274961?
9
What is the tens digit of 365060?
6
What is the hundred thousands digit of 20641291?
6
What is the hundreds digit of 37320?
3
What is the millions digit of 3515704?
3
What is the ten thousands digit of 6875930?
7
What is the millions digit of 15812074?
5
What is the thousands digit of 296714?
6
What is the hundreds digit of 640567?
5
What is the tens digit of 346839?
3
What is the hundred thousands digit of 5278566?
2
What is the thousands digit of 5256108?
6
What is the hundreds digit of 162317?
3
What is the hundred thousands digit of 1964125?
9
What is the hundreds digit of 12097683?
6
What is the tens digit of 19320?
2
What is the hundreds digit of 57174?
1
What is the millions digit of 4675810?
4
What is the units digit of 19918479?
9
What is the thousands digit of 3176666?
6
What is the hundred thousands digit of 12909437?
9
What is the ten thousands digit of 251015?
5
What is the millions digit of 40205743?
0
What is the millions digit of 41165435?
1
What is the thousands digit of 8811294?
1
What is the millions digit of 5632397?
5
What is the hundreds digit of 5314468?
4
What is the hundred thousands digit of 646305?
6
What is the ten thousands digit of 8695742?
9
What is the units digit of 101921?
1
What is the ten millions digit of 40657824?
4
What is the tens digit of 238069?
6
What is the tens digit of 13478?
7
What is the hundreds digit of 431877?
8
What is the tens digit of 1550463?
6
What is the ten thousands digit of 206894?
0
What is the ten thousands digit of 2294674?
9
What is the thousands digit of 20616685?
6
What is the tens digit of 11119300?
0
What is the tens digit of 1014082?
8
What is the units digit of 391200?
0
What is the tens digit of 2112584?
8
What is the hundreds digit of 1067931?
9
What is the tens digit of 761515?
1
What is the ten thousands digit of 109421?
0
What is the units digit of 1288856?
6
What is the tens digit of 2950256?
5
What is the ten thousands digit of 2212563?
1
What is the tens digit of 789292?
9
What is the tens digit of 193516?
1
What is the tens digit of 2689?
8
What is the thousands digit of 352657?
2
What is the ten thousands digit of 4357178?
5
What is the hundreds digit of 120704?
7
What is the units digit of 7998521?
1
What is the hundred thousands digit of 2762078?
7
What is the hundreds digit of 4813102?
1
What is the hundreds digit of 223763?
7
What is the hundred thousands digit of 3831332?
8
What is the tens digit of 441450?
5
What is the units digit of 1219126?
6
What is the thousands digit of 129266?
9
What is the ten thousands digit of 4428092?
2
What is the hundreds digit of 5964661?
6
What is the millions digit of 2005974?
2
What is the ten thousands digit of 528757?
2
What is the tens digit of 236317?
1
What is the units digit of 5844682?
2
What is the units digit of 45306?
6
What is the ten thousands digit of 9103565?
0
What is the units digit of 192720?
0
What is the ten thousands digit of 1071551?
7
What is the hundreds digit of 4588269?
2
What is the tens digit of 9095582?
8
What is the ten millions digit of 22205385?
2
What is the ten thousands digit of 25380?
2
What is the millions digit of 2753055?
2
What is the units digit of 8614625?
5
What is the tens digit of 20145495?
9
What is the tens digit of 237796?
9
What is the ten millions digit of 20748038?
2
What is the ten thousands digit of 8680489?
8
What is the tens digit of 169300?
0
What is the ten thousands digit of 18141804?
4
What is the tens digit of 42748?
4
What is the ten thousands digit of 2922256?
2
What is the millions digit of 1760001?
1
What is the thousands digit of 120570?
0
What is the hundred thousands digit of 7589911?
5
What is the millions digit of 3000737?
3
What is the units digit of 138429?
9
What is the millions digit of 5125609?
5
What is the thousands digit of 483879?
3
What is the hundreds digit of 23105020?
0
What is the tens digit of 1329945?
4
What is the thousands digit of 8397115?
7
What is the ten thousands digit of 14228567?
2
What is the millions digit of 2289172?
2
What is the units digit of 4823058?
8
What is the units digit of 1318693?
3
What is the thousands digit of 172355?
2
What is the units digit of 102538?
8
What is the ten millions digit of 21803789?
2
What is the units digit of 85241?
1
What is the thousands digit of 14946928?
6
What is the ten thousands digit of 2166781?
6
What is the tens digit of 829654?
5
What is the units digit of 2369814?
4
What is the hundred thousands digit of 231154?
2
What is the tens digit of 14284506?
0
What is the ten thousands digit of 173955?
7
What is the units digit of 575564?
4
What is the ten thousands digit of 690871?
9
What is the thousands digit of 133851?
3
What is the tens digit of 476748?
4
What is the thousands digit of 39811644?
1
What is the hundreds digit of 1564876?
8
What is the units digit of 7787869?
9
What is the thousands digit of 5001538?
1
What is the millions digit of 2710459?
2
What is the units digit of 1868448?
8
What is the thousands digit of 101131?
1
What is the ten thousands digit of 324263?
2
What is the ten thousands digit of 4870629?
7
What is the ten thousands digit of 259348?
5
What is the units digit of 371204?
4
What is the ten thousands digit of 80087?
8
What is the ten thousands digit of 3660027?
6
What is the thousands digit of 230160?
0
What is the hundred thousands digit of 3543886?
5
What is the millions digit of 11428958?
1
What is the tens digit of 13756105?
0
What is the thousands digit of 276726?
6
What is the hundreds digit of 1391474?
4
What is the ten thousands digit of 5185485?
8
What is the thousands digit of 10342?
0
What is the millions digit of 1845551?
1
What is the hundred thousands digit of 1172485?
1
W